-15)?
2, 11
Let p(j) = -46 - 40*j + 33 - 27*j - 17*j. List the prime factors of p(-14).
1163
Let d = -4790 - -9500. What are the prime factors of d?
2, 3, 5, 157
List the prime factors of ((-2)/(-4))/(45/(-133618500)*-46).
5, 1291
Let s = -97 + 100. Suppose -s*a = 4*g - 584, -3*g + 329 = -5*a - 80. Let z = g - -40. List the prime factors of z.
3, 61
Let g = -54 - -61. Suppose -g*w = -10*w + 330. What are the prime factors of w?
2, 5, 11
Suppose 0 = 110*a - 2887317 + 1205747. What are the prime factors of a?
15287
Let s = -441 - -185. Let q = -190 - s. List the prime factors of q.
2, 3, 11
Suppose 132*y - 503469 = 303975. List the prime factors of y.
3, 2039
Let f(x) = 3*x**2 + 48*x + 2467. List the prime factors of f(-87).
2, 10499
Suppose 268*m = -224317 + 738341. List the prime factors of m.
2, 7, 137
Let v = 5626 - -19263. What are the prime factors of v?
24889
Let l be -1*1124/6*(-510)/(-340). Let v = l + 1238. What are the prime factors of v?
3, 11, 29
Suppose 6*u = -25168 + 113524. Suppose -29*b = -11055 - u. What are the prime factors of b?
7, 127
Let y be 1/((-3)/(-9147)) + 11/11. Suppose -5*h - 2*u + 1012 = -2043, u = -5*h + y. List the prime factors of h.
3, 7, 29
Let n be (4/(-5)*-1)/((-2)/(-30)). Let i be n/(-8)*(-2 + 128/3). Let s = i + 216. List the prime factors of s.
5, 31
Suppose -p = 4*s + 3 - 11, 8 = -2*p. Suppose 3*q - 4 = 5*l - s*l, 3*q - 4*l + 4 = 0. What are the prime factors of 6/(-4) + 251*2/q?
2, 31
Let f = 252 - 93. Suppose 401 = 5*v + t, 2*v = 4*v - t - f. Let y = 10 + v. List the prime factors of y.
2, 3, 5
Let f be (120 - -3)*16/24. Suppose -22*j = -20*j - f. List the prime factors of j.
41
Let a = -13555 + 24634. What are the prime factors of a?
3, 1231
Let w(a) = 4*a**3 + 8*a - 10. Let r(p) = 13*p**3 + 23*p - 31. Let x(b) = 3*r(b) - 10*w(b). What are the prime factors of x(-7)?
7, 61
Let g(w) be the second derivative of w**5/20 + 5*w**4/4 - 19*w**3/6 - 37*w**2/2 - 4*w - 2. List the prime factors of g(-16).
11
Suppose -30*y = 5*x - 28*y - 108109, -x = y - 21620. List the prime factors of x.
7, 3089
Let p = 186 + -184. Suppose -4 = -3*o + 2*z, 5*z - 6 = -p*o + 3. List the prime factors of o.
2
Let x be ((-6)/(-1 + 3))/(-1). Let q be 7644/490*(-1)/x*10. Let f = q - -199. List the prime factors of f.
3, 7
Let n be (-10)/((-10)/3) - -2. List the prime factors of -6*n/(-195) - (-150)/39.
2
Suppose -4*w + 6 = 6. Suppose w = -5*h + 2*j + 2277, 14*j + 1367 = 3*h + 13*j. What are the prime factors of h?
457
What are the prime factors of (148/5)/(25 + 42747/(-1710))?
2, 3, 19, 37
What are the prime factors of (-1638)/(-1274) - (-1 + (-767964)/21)?
2, 41, 223
Suppose b - 6474 = -2*n, -12996 = 4*b - 6*b + 4*n. What are the prime factors of b?
2, 3, 23, 47
Suppose -q + 114 = -3*t, q + 7*t = 5*t + 129. Let g = q + -68. Let u = 87 - g. List the prime factors of u.
2
Let t be (2/(-3))/(5/210). Let j = t - -414. What are the prime factors of j?
2, 193
Suppose y + 32 = 5*h - 38, -5*h + 4*y + 70 = 0. Let a be 1 - 5 - (h - 15). What are the prime factors of a - (-4 - (146 - -1))?
2, 37
Suppose -12*s = s + 26. List the prime factors of (1/s)/((-42)/69636).
829
Let i = 5963 - 5112. List the prime factors of i.
23, 37
Let g(w) = 2*w - 89. Let r = 28 + -28. Let h be g(r). Let d = 147 + h. What are the prime factors of d?
2, 29
Suppose 6*m + 3032 = 10*m. Suppose 13*h - 280 = -98. Suppose m = h*f - 502. What are the prime factors of f?
2, 3, 5
Let p = -4346 - -8271. List the prime factors of p.
5, 157
List the prime factors of 7853 + -4*(0/(-10) - 2).
7, 1123
Let b = -27 + 29. Suppose -b*t + 445 = -235. Suppose 5*a - u - 446 = 0, -4*a + 2*u + 3*u + t = 0. What are the prime factors of a?
2, 3, 5
Suppose -4*g = 4*v - 2436, 12*g - 10*g - 1220 = -4*v. List the prime factors of g.
2, 19
Let b = 5324 + -2836. What are the prime factors of b?
2, 311
Let o(c) = 2*c**2 - 14 + 0*c + 6 + 4*c. Let q be (-1 + (4 - 8))*-1. What are the prime factors of o(q)?
2, 31
Let n(s) = -10343*s + 2896. What are the prime factors of n(-3)?
5, 23, 59
Suppose -2*b + 3*b = o + 4, -5*o + 30 = 5*b. Suppose 3*m = n + 25, -m + 0*n = 3*n + b. Suppose 0 = m*d - 189 - 259. What are the prime factors of d?
2
Suppose -6*v + 40082 = -v + h, -2*h + 24059 = 3*v. List the prime factors of v.
5, 7, 229
Let l(t) = -2*t**3 + 4*t**2 - 7*t + 105. Let q be l(8). Let w = 1447 + q. What are the prime factors of w?
2, 7, 13
Let d(z) = 11*z - 170. Let m be d(16). Suppose m*y - 2*y - 5*r = 664, 3*y = -r + 479. List the prime factors of y.
7, 23
Let f be 2 - 0/((-24)/6). Suppose 3*m - 3*n - 267 = -m, -5*m + 351 = f*n. List the prime factors of m.
3, 23
Suppose -13*s + 24*s - 33304 = -12*s. What are the prime factors of s?
2, 181
Let j = 2 - -14. Let d = 123 - j. Let x = 3 + d. List the prime factors of x.
2, 5, 11
Let w be 778/8 + (92/16 - 5). Let l be (-1)/(-7) + (-112)/w. What are the prime factors of 138*-5*3*l/10?
3, 23
Suppose 45*r + 15*r - 4045967 = -37*r. What are the prime factors of r?
53, 787
Suppose 3187 + 791 = 9*q. Let k = 1195 - q. What are the prime factors of k?
3, 251
Let y(h) = h**2 - h - 210. Let c be y(0). Suppose -7*r - 11*r + 72 = 0. List the prime factors of -2*c/r - (0 + 3).
2, 3, 17
Let u(x) = -x + 1. Let i be u(6). Suppose -10 = 2*g + 2*n, -5*g - 20*n + 18*n = 10. List the prime factors of g - -60 - (-5 - i)/(-6).
2, 3, 5
Suppose -109*w - 4*k = -106*w - 54171, 4*w - 72190 = k. What are the prime factors of w?
18049
Suppose -3*o + 58557 = -73*n + 76*n, -o + 78064 = 4*n. List the prime factors of n.
3, 5, 1301
Let u(l) = 1710*l + 3102. What are the prime factors of u(9)?
2, 3, 23, 67
Let o = 8939 - 1396. List the prime factors of o.
19, 397
Suppose -82118 = -128*z + 62266. What are the prime factors of z?
2, 3, 47
Suppose -17 = -2*t + 5*d + 32, 2*t = 2*d + 52. Suppose 1109 = -t*c + 10127. What are the prime factors of c?
2, 167
Suppose 33*c = 44*c. Suppose c = 2*w - 506 - 610. What are the prime factors of w?
2, 3, 31
Suppose 211*b - 216*b = a - 11789, -3*a + 2*b + 35248 = 0. List the prime factors of a.
2, 3, 653
Let l be (-588)/(-24) - (-1)/2. Suppose -5*u = -4*x + l, 0*u + u - 2*x = -11. What are the prime factors of -1 + u + 0 + 12?
2, 5
Let a = -256 + 258. Suppose -q - a*d = 4*q - 452, 5*q = -5*d + 455. What are the prime factors of q?
2, 3, 5
Let x(y) = 2*y**2 + 19*y + 62. Let d be x(-6). Suppose 9*c - 13*c - d = 0, 3*j - 1166 = c. List the prime factors of j.
3, 43
Suppose 0 = -5*d + 2*d + 117. Let r = 657 - 659. What are the prime factors of d/(-3)*14/r?
7, 13
Suppose -10 = -2*m + y + 3*y, -5*m - 3*y = -12. Suppose 738 = 3*j + m*j. List the prime factors of 6 - 8 - (0 - j).
11
Let g(l) = l**2 - 23*l + 71. Suppose -4*m = i + 23 - 117, -m + 4*i + 32 = 0. Let c be g(m). Suppose c = -5*v + 790. List the prime factors of v.
139
Let v(s) = -132*s - 111. Let d be v(-9). Suppose 0 = 6*g - d - 711. List the prime factors of g.
2, 149
Suppose -26*s = -111 - 19. Suppose 0 = -q + 3*q - 198. Suppose s*p - 46 = q. List the prime factors of p.
29
Suppose -6*m + 3*m = 6. Let o(y) = -y**2 + y + 1. Let d(u) = 32*u**3 - 8*u**2 + 5*u + 7. Let c(j) = -d(j) + 5*o(j). List the prime factors of c(m).
2, 7, 19
Suppose -8*k = -21*k - 9139. Let b = k - -1337. List the prime factors of b.
2, 317
Suppose -f - 13 = 4*v, -3*f - 2*v = -0 + 9. Let n be 40/(-8 - -3)*f. Suppose -6*k - n*k = -2856. What are the prime factors of k?
2, 3, 17
Let z = 194 - 88. Suppose -2*i = 4*d - z, 6 + 9 = 3*i. Suppose -s - 4 = -d. What are the prime factors of s?
2, 5
Let x(u) = -5*u**2 - 488*u - 193. List the prime factors of x(-70).
9467
Let j be (-8982)/78 + (-1)/(65/(-10)). Let f = j + 175. What are the prime factors of f?
2, 3, 5
Suppose h = -2*p + 11369, -22743 = -2*p - 2*p - 3*h. List the prime factors of p.
2, 3, 947
Suppose 0 = -10*q - 23615 - 23095. Let y = q - -6555. What are the prime factors of y?
2, 3, 157
Suppose 4*u = -3*b + 48, -7*u - 64 = -11*u + b. Let n be (8/6)/(1*(-10)/u). List the prime factors of (-78)/(-26) + (-320)/n.
163
Suppose -y + 1435 = -2*k + 7*k, -2*y - 1134 = -4*k. Suppose -2*h - 3*j = k, 0*h - 2*h + 3*j - 310 = 0. What are the prime factors of (8 - h)/(2 + -1)?
157
Let a(z) = 24*z**2 - 275*z - 212. List the prime factors of a(-33).
31, 1129
Let z(a) = -a**3 - 27*a**2 + 13